{"id":316,"date":"2025-06-30T09:01:16","date_gmt":"2025-06-30T07:01:16","guid":{"rendered":"http:\/\/www.kuchenbuch.info\/?page_id=316"},"modified":"2025-07-22T10:31:43","modified_gmt":"2025-07-22T08:31:43","slug":"it-informationstechnologie","status":"publish","type":"page","link":"http:\/\/www.kuchenbuch.info\/?page_id=316","title":{"rendered":"IT &#8211; Informationstechnologie"},"content":{"rendered":"\n<p class=\"has-medium-font-size\">Meine erste Begegnung mit Computern hatte ich 1984. Damals ging Software nicht ohne Hardware und Hardware oft nicht ohne L\u00f6tkolben. <\/p>\n\n\n\n<p class=\"has-medium-font-size\">Sp\u00e4ter wurde mein prim\u00e4res Bet\u00e4tigungsfeld in der IT das &#8222;Funktionieren&#8220;, wenn die Hardware grunds\u00e4tzlich arbeitet. Viele Aufgabenstellungen von der Programmierung (&#8222;Programmiersprachen sind letztlich auch nur Texte.&#8220;) \u00fcber Qualit\u00e4tskontrolle, Support auf den unterschiedlichsten, internationalen Ebenen, Schulungen und das Erstellen entsprechender Konzepte, Probleml\u00f6sungen und -analysen, (Hand-)B\u00fccher, Fachartikel und \u00dcbersetzungen haben sich auf meinem Lebensweg ergeben. Die meisten habe ich gemeistert.<\/p>\n\n\n\n<p class=\"has-medium-font-size\">K\u00fcnstliche Intelligenz kenne ich seit ELIZA, oder konkret, seit ich Schriften von Joseph Weizenbaum im Rahmen meines Examens studiert habe. Ihn und Marvin Minsky hatte ich sogar die Ehre, im Rahmen einer Veranstaltung in M\u00fcnchen pers\u00f6nlich kennenzulernen. &#8211; Und ja, das hatte auch wieder mit &#8222;Text &amp; Information&#8220; zu tun.<\/p>\n","protected":false},"excerpt":{"rendered":"<p>Meine erste Begegnung mit Computern hatte ich 1984. Damals ging Software nicht ohne Hardware und Hardware oft nicht ohne L\u00f6tkolben. Sp\u00e4ter wurde mein prim\u00e4res Bet\u00e4tigungsfeld in der IT das &#8222;Funktionieren&#8220;, wenn die Hardware grunds\u00e4tzlich arbeitet. Viele Aufgabenstellungen von der Programmierung (&#8222;Programmiersprachen sind letztlich auch nur Texte.&#8220;) \u00fcber Qualit\u00e4tskontrolle, Support auf den unterschiedlichsten, internationalen Ebenen, Schulungen [&hellip;]<\/p>\n","protected":false},"author":3,"featured_media":0,"parent":0,"menu_order":0,"comment_status":"closed","ping_status":"closed","template":"","meta":{"footnotes":""},"class_list":["post-316","page","type-page","status-publish","hentry"],"_links":{"self":[{"href":"http:\/\/www.kuchenbuch.info\/index.php?rest_route=\/wp\/v2\/pages\/316","targetHints":{"allow":["GET"]}}],"collection":[{"href":"http:\/\/www.kuchenbuch.info\/index.php?rest_route=\/wp\/v2\/pages"}],"about":[{"href":"http:\/\/www.kuchenbuch.info\/index.php?rest_route=\/wp\/v2\/types\/page"}],"author":[{"embeddable":true,"href":"http:\/\/www.kuchenbuch.info\/index.php?rest_route=\/wp\/v2\/users\/3"}],"replies":[{"embeddable":true,"href":"http:\/\/www.kuchenbuch.info\/index.php?rest_route=%2Fwp%2Fv2%2Fcomments&post=316"}],"version-history":[{"count":5,"href":"http:\/\/www.kuchenbuch.info\/index.php?rest_route=\/wp\/v2\/pages\/316\/revisions"}],"predecessor-version":[{"id":343,"href":"http:\/\/www.kuchenbuch.info\/index.php?rest_route=\/wp\/v2\/pages\/316\/revisions\/343"}],"wp:attachment":[{"href":"http:\/\/www.kuchenbuch.info\/index.php?rest_route=%2Fwp%2Fv2%2Fmedia&parent=316"}],"curies":[{"name":"wp","href":"https:\/\/api.w.org\/{rel}","templated":true}]}}