{"id":77,"date":"2015-08-02T18:30:17","date_gmt":"2015-08-02T16:30:17","guid":{"rendered":"http:\/\/www.kuchenbuch.info\/?page_id=77"},"modified":"2025-06-29T21:01:17","modified_gmt":"2025-06-29T19:01:17","slug":"intro","status":"publish","type":"page","link":"http:\/\/www.kuchenbuch.info\/","title":{"rendered":"Willkommen"},"content":{"rendered":"\n<figure class=\"wp-block-video\"><video height=\"1080\" style=\"aspect-ratio: 1920 \/ 1080;\" width=\"1920\" autoplay controls loop src=\"http:\/\/www.kuchenbuch.info\/wp-content\/uploads\/2025\/02\/web-intro-2025.mp4\" playsinline><\/video><\/figure>\n\n\n\n<p class=\"has-small-font-size\">Anmerkung zur Barrierefreiheit: <\/p>\n\n\n\n<p>Oben steht ein Video, das die Bet\u00e4tigungsfelder &#8222;<a href=\"http:\/\/www.kuchenbuch.info\/?page_id=252\" data-type=\"page\" data-id=\"252\">Text<\/a> und <a href=\"http:\/\/www.kuchenbuch.info\/?page_id=254\" data-type=\"page\" data-id=\"254\">Information<\/a>&#8220; in Form einer kleinen Animation zeigt. Im Men\u00fc sind ferner das <a href=\"http:\/\/www.kuchenbuch.info\/?page_id=2\" data-type=\"page\" data-id=\"2\">Impressum<\/a> und eine Grafik mit einer <a href=\"http:\/\/www.kuchenbuch.info\/?page_id=4\" data-type=\"page\" data-id=\"4\">Wegskizze<\/a> aufgef\u00fchrt.<\/p>\n\n\n\n<p>Die Web-Site ist grunds\u00e4tzlich sehr minimalistisch ausgef\u00fchrt und bietet lediglich einen knappen \u00dcberblick \u00fcber mein Leistungsspektrum.<\/p>\n","protected":false},"excerpt":{"rendered":"<p>Anmerkung zur Barrierefreiheit: Oben steht ein Video, das die Bet\u00e4tigungsfelder &#8222;Text und Information&#8220; in Form einer kleinen Animation zeigt. Im Men\u00fc sind ferner das Impressum und eine Grafik mit einer Wegskizze aufgef\u00fchrt. Die Web-Site ist grunds\u00e4tzlich sehr minimalistisch ausgef\u00fchrt und bietet lediglich einen knappen \u00dcberblick \u00fcber mein Leistungsspektrum.<\/p>\n","protected":false},"author":3,"featured_media":0,"parent":0,"menu_order":0,"comment_status":"closed","ping_status":"closed","template":"","meta":{"footnotes":""},"class_list":["post-77","page","type-page","status-publish","hentry"],"_links":{"self":[{"href":"http:\/\/www.kuchenbuch.info\/index.php?rest_route=\/wp\/v2\/pages\/77","targetHints":{"allow":["GET"]}}],"collection":[{"href":"http:\/\/www.kuchenbuch.info\/index.php?rest_route=\/wp\/v2\/pages"}],"about":[{"href":"http:\/\/www.kuchenbuch.info\/index.php?rest_route=\/wp\/v2\/types\/page"}],"author":[{"embeddable":true,"href":"http:\/\/www.kuchenbuch.info\/index.php?rest_route=\/wp\/v2\/users\/3"}],"replies":[{"embeddable":true,"href":"http:\/\/www.kuchenbuch.info\/index.php?rest_route=%2Fwp%2Fv2%2Fcomments&post=77"}],"version-history":[{"count":17,"href":"http:\/\/www.kuchenbuch.info\/index.php?rest_route=\/wp\/v2\/pages\/77\/revisions"}],"predecessor-version":[{"id":313,"href":"http:\/\/www.kuchenbuch.info\/index.php?rest_route=\/wp\/v2\/pages\/77\/revisions\/313"}],"wp:attachment":[{"href":"http:\/\/www.kuchenbuch.info\/index.php?rest_route=%2Fwp%2Fv2%2Fmedia&parent=77"}],"curies":[{"name":"wp","href":"https:\/\/api.w.org\/{rel}","templated":true}]}}